1 + 297 + (6 - 41)?
31
Evaluate -2210 + 2180 + (-2 - -29).
-3
What is (-89 - -1) + 3523 + -3540 + (0 - 1)?
-106
Calculate (51 - (5 + 32)) + -7.
7
What is -1 + (-1 - 3 - (39 + 7 + -27))?
-24
(-6 - 0) + (-13 - ((17 - 10) + -35 + 13))
-4
What is -9 + 166 + (-1121 - -1111) + -6 + (1 - -1)?
143
What is (31 - 20) + -23 - (-18 + 4 + -8)?
10
1 - (-19 - -3 - -47)
-30
What is (10 + -3 - 37) + 39 + 14?
23
-16 - (21 - -64 - (-27 - -35))
-93
What is 109 + -18 + -94 + 47?
44
24 + -1 + 6 + 1 + -19 - -25
36
What is (-7 - (1 - -5)) + (40 - (55 + -94))?
66
Evaluate (5 + 7 + 0 - (22 - 15)) + -11.
-6
Evaluate -69 + 2 + (-11 + -25 + 57 - 8).
-54
Evaluate -16 + 25 - -66 - (0 - -3 - -3) - -13.
82
What is -59 + 6 - (18 - 65) - (-1 - 93)?
88
Evaluate 50 - (-71 - (-144 - -14)).
-9
(7 - -6) + (-12 - -22) - (-20 - -8)
35
Evaluate (44 - 25) + 25 + -6.
38
(33 - 35 - (2 - 53)) + -27 + 10 + 10
42
Calculate 9 + 1 + 19 + 259 + -275.
13
What is the value of -225 + (-28 - -147) + 15?
-91
Calculate -53 + 112 - 63 - -27.
23
What is (11 - -18) + -42 - (-9 + -1)?
-3
(1 - 17) + 1 + (22 - -3) + 23
33
What is the value of -75 - (-168 - -75) - (25 + -2)?
-5
Calculate 699 + -707 + 10 + 0 - 8.
-6
What is the value of 2 - -87 - (249 + (-60 - 207))?
107
What is -1 - -50 - (-8 - (-43 + 10))?
24
Calculate -15 + -12 + (18 - -3) + -25.
-31
What is the value of 2246 + -2288 - (3 - -21)?
-66
177 - 204 - (-55 + 16 + -18)
30
Calculate 33 + -24 + -43 + 29 + -22 + (-3 - -1).
-29
Evaluate 10 + (2 - 37) + 7 + -1 + 14.
-5
Evaluate 4 + -9 + 10 + (-45 + 93 - 44).
9
Evaluate -7 + -1 + (14 - (-1 + 22)).
-15
What is the value of -6 + 76 + (18 + -1 - (251 + -240))?
76
What is -100 + -28 + (48 - 45) + 42?
-83
What is 5 - (12 - (-1 - -28)) - (2 - -12)?
6
(-295 - (98 - 437)) + 1 + -116
-71
What is the value of -11 + 2 - (77 + -71 + 13)?
-28
What is (9 - (19 + (9 + -6 - 2))) + 12?
1
Evaluate 11 + -40 + 17 + 15.
3
What is 6 + (-129 + 47 - -76) + -1 + -15?
-16
What is (3 - 5 - (-8 + 2 + 9)) + (3 - -24)?
22
What is the value of -10 + -109 + (19 + -55 - -71)?
-84
Calculate -19 + 21 + (11 - 4 - (-1 + -6)).
16
What is (-16 - -75) + -61 - (0 + -55)?
53
What is (0 + -36 - (82 - 138)) + 73?
93
0 + 33 + -11610 + 11723
146
Calculate 12 - (52 + -4 - (6 + (9 - 14))).
-35
What is -2 + -3 + 24 + (-20 + 13 - 12)?
0
Evaluate -7 + 20 + 270 + -275.
8
What is -76 + -68 + 74 - -60?
-10
Evaluate -8 - (9 + 12 + -28 + 21).
-22
Calculate 20 + -127 + 24 - -101.
18
Calculate -2 + -33 - (-142 - -135).
-28
-20 + 16 + 13 - (6 + (6 - 14) + 97)
-86
Calculate -37 + (-24 - -61) + 12 - -23.
35
What is -1074 - -1007 - ((0 - 3 - 1) + 7 + -10)?
-60
(150 - 133) + -12 + -37 + 157
125
Calculate -69 + (36 - (-4 + -7 + 29)).
-51
12 + 2 + -1 - ((731 - 649) + (-1 - -24))
-92
What is 1 - -61 - (-2921 + 3068)?
-85
What is -135 - ((-24 - -21 - 16) + -23)?
-93
Calculate (97 - (323 - 135)) + 28.
-63
Calculate 8 + -14 + 79 + -19 + -16.
38
Evaluate (-64 - 28 - 10) + -42 - -31.
-113
-5 - ((-23 - (0 - 2)) + -1098 + 1110)
4
-9 - (-5 + 19 + -9 + -105)
91
What is 10 + 5 - (53 + 18 + -66)?
10
Evaluate 1 + -1 + 2 + (-16 - -19 - 21).
-16
What is the value of 2 - (-8 + 12 + (-5 - 20))?
23
What is (17 - 13 - 5) + -9 + 2 + (0 - 1)?
-9
Calculate -13 + -4 + 6 - (68 + (-26 + 29 - -13)).
-95
What is (-33 - -46) + (0 + 0 - (41 - 36))?
8
What is the value of -16 - ((-38 - -13) + -18) - -19?
46
What is -11 - (-7 + (-9 - 0 - -10) + 34)?
-39
Evaluate -135 + -9 - (352 + -446).
-50
What is the value of (21 - (27 - 29)) + (17 - 1)?
39
What is the value of 26 + (69 + -35 - 5)?
55
Evaluate (-12 - -11) + 16 + 0 - 8.
7
What is (88 - (211 + -80)) + 97?
54
20 - (6 - 3) - (2 - 50)
65
Evaluate -36 + 18 + -6 + -5.
-29
Calculate (87 - (0 - -125)) + (67 - -3).
32
Evaluate (41 - 45) + -11 + 1 + (-3 - -6).
-11
What is the value of 1 + (462 - 469 - (104 + 2 - 0)) - 1?
-113
Calculate -160 + (5 - 1 - (44 + -47 + (26 - 34))).
-145
What is the value of -40 + -31 + 2 + 26 + -13?
-56
909 + -779 + 5 + -58
77
What is -10 - (-13 - -85) - -30 - 6?
-58
What is 10 - ((-1 - 0) + -1) - (-48697 - -48747)?
-38
2 - -133 - (1 - (21 - -10 - 45))
120
Calculate (-6 - (4 + (-14 - (7 - -31)))) + -14.
28
Calculate 30 - (-73 + 75 - 26).
54
Calculate 5 + -13 + -41 + -22.
-71
Calculate (26 - 12 - (-6 + -11)) + -6 + -3.
22
Calculate (5 - 4) + (-28 - (36 + -7)) + -6.
-62
Evaluate -38 + (10 + -4 - (2 + 4 + -8)).
-30
Calculate 40 + -66 + 11 - 32.
-47
What is the value of -28 + (0 - 6) + 9 + 0?
-25
-11 - (-11 + 25 - 20 - (7 + -2 + -11))
-11
What is the value of (10 - 1) + (-7 - 46 - -19)?
-25
What is the value of -3 + 2 + 0 + -1 + 15 + (-6 - -33)?
40
What is (5 + (-20 - -32) - 10) + 6 + -1?
12
What is -35 + (-40 - -18) - -64?
7
Evaluate -2 - ((-3 - (-15 - -3)) + -1 + 12 + -2).
-20
Calculate 35 + -39 - 45 - (5 - (1 - -1)).
-52
Calculate (-3 - (17 - (-2 + (22 - 10)) - 6)) + -45.
-49
Calculate (-6829 - -6823) + (-1 - 0 - -19).
12
Evaluate -13 - (-14 + (-30 - -29) + (1 - 27)).
28
What is -65 - (0 + 3 + 18 - 8 - 24)?
-54
Calculate 32 + (22 - (-17 + 81)).
-10
Calculate 9 - (6 - 16 - -14 - -9).
-4
Calculate -66 + (180 - 21 - 45).
48
What is (30 - (-9 - -17)) + (-60 - -66)?
28
What is the value of 2 + -31 + (417 - 419) + -35?
-66
14 + (29 - 52) + -41
-50
What is the value of (193 + -164 - (38 + -2)) + (-6 - 1)?
-14
What is the value of 14 + (-89 - (42 - 32)) - -26?
-59
(916 + -890 - (2 - (-1 + 2))) + (-20 - -5)
10
What is the value of 99 + (-16 - (-8 - (6 + 3 + -1)))?
99
What is -54 + -15 + -22 + 77?
-14
Evaluate 4 - 15 - (107 + 3 + 4 - (-115 - -108)).
-132
Evaluate ((-6 - 1) + 2 + 1 + 12 - -59) + -10.
57
Evaluate 19 + (-69 - (24 + -43)) + 17.
-14
Evaluate -36 + 45 + -80 + 67.
-4
Evaluate -6 - (-4 - -5 - 10 - (-65 - -26)).
-36
1363 + -1405 + 44 + -1 - 32
-31
Calculate 2091 - 2066 - (0 + -31).
56
Evaluate -3 + -63 + (41 - -30).
5
Evaluate (0 - -5) + -60 + -1 + (6 - -1 - 10).
-59
What is -40 + (-26 - -29 - (-3 - 0) - (-20 - -25))?
-39
What is the value of 27 + (-11 + 13 + 24 - -8)?
61
What is the value of -6 + (-33 - -16) + 17 - 9?
-15
15 + 30 + -51 - (38 + 0)
-44
Evaluate 60 - (-71 + 115 + -72).
88
Calculate 22 - (4 + (-3 - 3) - -40).
-16
-24 - -10 - (0 + -19)
5
Calculate 2 + -12 - -2 - (-4 + 36 + 12 + 21).
-73
What is the value of (-6 - (-11 + -1 - -2) - -4) + (3 - -33)?
44
What is (10 - -2) + (45 - 55) + (13 - 18 - -122)?
119
What is 724 + -667 - (-1 - -108)?
-50
Evaluate 5 - -42 - (-53 - -94).
6
What is the value of 62 + -5 + -4 - (432 - 425)?
46
Calculate -78 - (-142 + 145) - -84.
3
What is the value of (641 - 378) + -177 + 2 + -1 + 1?
88
What is the value of 33 + (-1 - 12 - (-50 - -88))?
-18
What is the value of 2 - (11 + 29 + -11) - 30?
-57
Calculate -7 + 15 - 22 - (15 + 17).
-46
What is the value of 1296 + -1392 - (-19 + -7)?
-70
11 + -12 - -11 - (-1 + (9 - 4) - 93)
99
Evaluate (3 - -12) + 36 + -40 + 7.
18
(4 - (-3 + (0 - -18))) + (13 - 32)
-30
Evaluate (-142 - (-149 - 60)) + (1 - 23).
45
What is the value of -2 + 5 - ((0 - 125) + 103)?
25
What is -63 - ((4 - (1 - (4 - (12 + -1)))) + -8)?
-51
Calculate (1 - 119) + 380 + -237 + -140.
-115
12 - -1 - (694 + -683)
2
What is the value of 4 - (-28 - -44) - (4 + 44)?
-60
Evaluate (20 - (1 + -17)) + -16 - 3.
17
What is the value of 12 - (4 + 1) - (35 - -1 - (-83 - -70))?
-42
Calculate 19 + -26 - (0 + 8) - ((1 - 2) + 5).
-19
Calculate 92 + -61 - (18 + 39).
-26
Calculate -104 + 1 - (-53 - -32 - -7) - (-3 - 7).
-79
What is the value of -6 + 13 + -7 + -12 + -2 - (11 + 0)?
-25
What is 1 + 13 + (-11 - (7 + -4) - 5)?
-5
12 - (-31 + (-45 + 9 - -16) + 7)
56
What is -119 + 69 + 66 - -47?
63
What is 12 + (33 - 61) - 11?
-27
Calculate (-2504 - -2583) + -9 + -1.
69
What is (-20 - -1) + (8 - (-48 + -33))?
70
Calculate 1 + (2 - -10) - (-6 - (-19 - -15) - -7).
8
20 - (1 + 32 - (-336 - -352))
3
What is the value of (24 - 37) + -29 + -1 + -11 + 9?
-45
What is the value of (28 - -38) + -66 - (4 + 0)?
-4
Evaluate 21 + (10 + -22 - 7) - -73.
75
-19 + -30 + 34 + 0
-15
Calculate -143 - (131 + -288 + -53).
67
Calculate (7448 - 7434) + -10 + 0.
4
Calculate 3 + (-16 - (-14 + -11)) + -15.
-3
Calculate 13 + 3 + -21 - (-2 - -9) - (6 + -18).
0
What is the value of -40 + (-59 - -112) + 20?
33
Calculate 23 - (31 + -6 + -8 - (25 + 1)).
32
Evaluate 2 + 23 + -45 + 16 + 13.
9
Calculate 0 + 14 + -56 + 0 + (169 - 167).
-40
W